= -15*u - 86. What is the remainder when 218 is divided by u?
42
Let n(v) = 152*v - 451. Calculate the remainder when 189 is divided by n(3).
4
Let z = -15140 - -15383. Calculate the remainder when z is divided by 81.
0
Let n(u) = u**2 - 4*u. Let i(q) = -q**3 - 7*q**2 - 5*q + 5. Let b be i(-6). What is the remainder when (-345)/(-75)*(6 + b) is divided by n(6)?
11
Suppose 4*q - 96 = 68. Let s(i) = -3*i**3 + 6*i**2 + 2*i + 9. Let w be s(-4). Let m = 310 - w. Calculate the remainder when q is divided by m.
20
Let w(u) = u**3 + 11*u**2 - 3*u + 21. Suppose 6*n + 23*f - 19*f = 248, 0 = 2*n + 5*f - 101. Calculate the remainder when w(-10) is divided by n.
37
Suppose -305 + 341 = -3*c. Suppose 5*w - 3*y - 305 = -7*y, w - 50 = -3*y. Calculate the remainder when w is divided by (-2)/(-6) + (0 - 260/c).
21
Suppose 331*q = 29104 - 4941. Calculate the remainder when 286 is divided by q.
67
Suppose 6*d - d + 5*t = 2380, 4*d + 2*t - 1894 = 0. Let z = 656 - d. What is the remainder when z is divided by 17?
15
Let n(q) = 3*q**3 - 9*q**2 - 5*q - 116. Let m(a) = 2*a**3 - 6*a**2 - 3*a - 77. Let w(z) = 8*m(z) - 5*n(z). Calculate the remainder when 35 is divided by w(5).
16
Let d(n) = 4*n**2 + n + 2. Suppose -76 = -q + 4*g, q = -127*g + 129*g + 84. What is the remainder when q is divided by d(-3)?
22
Let l = -89 - -96. Calculate the remainder when 95 is divided by (1 + (-68)/12)*(-36)/l.
23
Let j be -3 - (2/(-5) + (-256)/(-40)). Let g(l) = 4*l**2 + 35*l - 8. Calculate the remainder when 9 is divided by g(j).
0
Let i(j) be the second derivative of -j**5/20 - j**4/6 - 3*j**3/2 - 7*j**2/2 + 11*j. Calculate the remainder when 78 is divided by i(-3).
20
Suppose 2*j - 161 = -3*i, -4*j + 5*i + 343 = 4*i. Calculate the remainder when (4 + (-8)/(-20))/(2/j) is divided by 47.
46
What is the remainder when -5 + 12/(-30)*(-4686 + -6 + -3) is divided by 308?
25
Let f(g) = -g**2 - g + 77. Let l = -2 - -2. Suppose -40 = -5*y + 60. Calculate the remainder when f(l) is divided by y.
17
Let i = -4409 - -4574. What is the remainder when 335 is divided by i?
5
Let r = -4577 - -4671. Suppose 0*j - 72 = -3*j. What is the remainder when r is divided by j?
22
Suppose -a + 0*a - 48 = -2*f, -5*f = -5*a - 130. What is the remainder when (-19)/(-76) - 1029/(-12) is divided by f?
20
Let p(l) = 3*l**2 + 13*l + 8. Let o = -57 - -58. Suppose -o - 1 = -3*n + 4*i, 3*n + 4*i = 34. What is the remainder when p(-5) is divided by n?
0
Let t be 2*(-2 - 119/(-14)). Suppose -16*p = -t*p - 3*w - 66, -4*w + 119 = 5*p. What is the remainder when 114 is divided by p?
22
Let d = -12293 + 13045. What is the remainder when d is divided by 35?
17
Let z be ((-8 - 1) + 6)/(0 + 1). Let r(g) = -g + 5. Let f be r(z). Calculate the remainder when (260/f)/(-5)*-6 is divided by 16.
7
Let m(o) = -o. Suppose 2*g + 3*g = -30. Suppose -41*x + 39*x = -4. Calculate the remainder when m(g) is divided by x.
0
Let y = -13450 - -13464. What is the remainder when 76 is divided by y?
6
Suppose k = -0*k + 82. Let r be -5*((-13)/(-5) - 9/3). Suppose -u - 3*j - 7 + 9 = 0, 0 = r*u + j - 24. What is the remainder when k is divided by u?
12
Suppose 14108 = 72*n - 12*n - 3352. What is the remainder when n is divided by 0 - 8/(-5 - -3)?
3
Let g be (4/8)/((-3)/(-252)). Suppose 7*f - 10*f - g = 0. Calculate the remainder when (-4)/f - 3604/(-28) is divided by 33.
30
Suppose 281 = 4*r - 4*l + l, 3*l = -2*r + 127. Let v = 98 - r. Calculate the remainder when 83 - 2/(6 - (-19)/(-3)) is divided by v.
29
Suppose -178 = -2*l - 2*i, 0*i - 2*i - 104 = -l. Let n = -95265 + 95281. What is the remainder when l is divided by n?
14
Suppose -17914 = -91*b - 8*b + 12380. What is the remainder when b is divided by 7?
5
Let c = -728 - -912. Suppose z = 3*x - c, 54 + 160 = 3*x + 5*z. What is the remainder when 246 is divided by x?
57
Suppose -4*z + 19 = 3. Suppose -g - z*g = -10. Calculate the remainder when 43 is divided by 1/g*(2 + 2)*8.
11
Suppose 3*t - 447 = -5*q, -q + 3*t = 42 - 117. Calculate the remainder when 316 is divided by q.
55
Let m(s) = 21*s + 1325. What is the remainder when 687 is divided by m(-61)?
27
Let u = -11175 + 11207. What is the remainder when 1260 is divided by u?
12
Let j(k) be the second derivative of 11*k**4/3 - 5*k**3/3 - 12*k**2 + 3*k. What is the remainder when j(-2) is divided by 11?
7
Suppose 20*m - 30*m = -20. Let k = -9 + 12. Suppose 5*g + 38 = k*h + g, 2*h = -2*g + m. What is the remainder when 14 is divided by h?
2
Let v(i) = 156*i**3 - i. Let z be 4/(48/9) - 1/(-4). Let o be v(z). What is the remainder when 88 is divided by 1/(2 + (-305)/o)?
26
Let t = -3241 + 3864. Calculate the remainder when t is divided by 104.
103
Let t(g) = -5*g + 154. Let s be t(30). Suppose 3*h + 650 = 2*w + 2*h, 638 = 2*w - s*h. What is the remainder when w is divided by 113?
101
Suppose 1272 = 20*a - 948. What is the remainder when 3229 is divided by a?
10
Let n(b) = 134*b + 4228. What is the remainder when n(-30) is divided by 28?
12
Suppose -17*l + 7128 = 71*l. Calculate the remainder when 332 is divided by l.
8
Let o = -5814 + 5999. What is the remainder when 2029 is divided by o?
179
Suppose 8*m - 37 + 13 = 0. Suppose -5*x + 19 = -96. Calculate the remainder when (-5 - -5 - 66)/(m/(-3)) is divided by x.
20
Let m = 112 + -49. Let w(d) be the third derivative of d**5/60 + 2*d**4/3 + 34*d**3/3 + 91*d**2. Calculate the remainder when m is divided by w(-5).
11
Let x = 872 - 638. Suppose 0 = -9*v - v + 470. Calculate the remainder when x is divided by v.
46
Let l(v) be the second derivative of -v**5/4 + 7*v**3/6 + 7*v**2/2 + 2*v + 12. What is the remainder when 9 is divided by l(-1)?
4
Let g = 54 + -36. Suppose -98 = -t + g. Suppose 2*i + 4 = 0, -2*a + 3*i = 3*a - t. What is the remainder when 40 is divided by a?
18
Let s(h) = 7*h - 27. Let a = 13 + 32. Suppose -5*n + a = 2*g, 0 = 2*g - 0*g + n - 33. What is the remainder when s(12) is divided by g?
12
Suppose 139 = 3*v - 2*w, -3*w = 18 - 21. Let l = v + -21. Let s(o) = 100*o**3 + 2*o**2 - 1. What is the remainder when s(1) is divided by l?
23
Suppose 0 = 448*m - 456*m + 21440. Calculate the remainder when (39/65)/(12/m) is divided by 41.
11
Suppose -7*g = -12*g + 5*n + 5670, -5*g - 5*n = -5690. Calculate the remainder when g is divided by 250.
136
Suppose 0 = 4*p + 5*f - 542, 39*p - 36*p - 422 = 4*f. Let b(c) = 22*c + 1. Let a be b(-1). Let j = a - -41. Calculate the remainder when p is divided by j.
18
Suppose 2*u - 3*w = 351, -3*u + 9*w = 6*w - 531. What is the remainder when 711 is divided by u?
171
Let o(z) = 5*z**2 + 9*z + 24. Let f(m) = 4*m**2 + 9*m + 24. Let d(x) = 6*f(x) - 5*o(x). Let a = 87 - 77. What is the remainder when 34 is divided by d(a)?
6
Let l(j) = -7*j**2 - 2*j - 2. Let v be l(-3). Suppose 2*y - 179 = -3*g, -5*y + 2*g = -13 - 387. Let t = v + y. Calculate the remainder when t is divided by 4.
3
Suppose 15*v = -11 + 56. Let o(i) = -2*i**3 + 9*i**2 - i + 4. Calculate the remainder when 108 is divided by o(v).
24
Suppose -445 = -7*z - 235. Calculate the remainder when 2934 is divided by z.
24
Let r = 127 - 122. Suppose -5*q = -3*m + 121, 0 = -r*m - 0*m - 4*q + 140. What is the remainder when 92 is divided by m?
28
Suppose 3*b = 2*n + 3 + 33, 0 = -5*n + 2*b - 68. What is the remainder when 202 is divided by (-1 - -58) + n + 10 + -4?
49
What is the remainder when 578 is divided by ((-16)/(-4) + -2 - -48) + (-9)/3?
14
Let i(w) = -21*w + 7. Let h = -2552 + 2614. What is the remainder when i(-5) is divided by h?
50
Suppose 11*m - 7 = 12*m. Calculate the remainder when ((-48)/m)/(54/252) is divided by 5.
2
Let y(o) = -o**3 + 24*o**2 - 2*o + 58. Let m be y(24). What is the remainder when (-2)/m - 13024/(-220) is divided by 20?
19
Suppose -256*w + 1383239 = -3722937. What is the remainder when w is divided by 19?
15
Suppose -17*n + 64 = -21. Suppose 11 = b - n*c - 16, -2*b - 2*c = -18. What is the remainder when 239 is divided by b?
11
Suppose 0 = 5*x + 5*a - 85650, -68508 = -4*x + 453*a - 460*a. Calculate the remainder when x is divided by 12.
10
Let t = -1585 + 1629. What is the remainder when 393 is divided by t?
41
Suppose k = -d - 4, 0 = 3*d + k - 0*k + 16. Calculate the remainder when (-1 + -1)/(d/75) is divided by 620/140 + (-12)/(-21).
0
Let t = 5 - 3. Suppose -t*g = -7*g 